{"id":22,"date":"2024-02-14T15:30:39","date_gmt":"2024-02-14T14:30:39","guid":{"rendered":"http:\/\/zrobremont.pl\/?page_id=22"},"modified":"2024-02-14T20:03:04","modified_gmt":"2024-02-14T19:03:04","slug":"dotacje","status":"publish","type":"page","link":"https:\/\/zrobremont.pl\/index.php\/dotacje\/","title":{"rendered":"Dofinansowanie &#8222;Czyste powietrze&#8221;"},"content":{"rendered":"<h2>Czym jest program &#8222;Czyste powietrze&#8221;?<\/h2>\n<p>Program &#8222;Czyste Powietrze&#8221; to inicjatywa skierowana do w\u0142a\u015bcicieli dom\u00f3w jednorodzinnych, kt\u00f3rej g\u0142\u00f3wnym celem jest poprawa jako\u015bci powietrza poprzez wsparcie finansowe na projekty zwi\u0105zane z termomodernizacj\u0105 i wymian\u0105 \u017ar\u00f3de\u0142 ogrzewania na bardziej ekologiczne. Dofinansowanie obejmuje szeroki zakres dzia\u0142a\u0144, takich jak instalacja system\u00f3w fotowoltaicznych, wymiana okien i drzwi na energooszcz\u0119dne modele, docieplenie budynk\u00f3w, czy instalacja nowoczesnych system\u00f3w ogrzewania, w tym pomp ciep\u0142a.<\/p>\n<p>Wysoko\u015b\u0107 dofinansowania podzielona jest na 3 r\u00f3\u017cne poziomy uzale\u017cnione od dochod\u00f3w Beneficjenta. <strong>W najwy\u017cszym z nich mo\u017cna otrzyma\u0107 do 135 000,00 z\u0142 dofinansowania w formie bezzwrotnych \u015brodk\u00f3w.<\/strong><\/p>\n<p>Przygotowuj\u0105c wniosek dla klienta, skupiamy si\u0119 na kilku kluczowych aspektach, aby maksymalizowa\u0107 szanse na uzyskanie dofinansowania i zapewni\u0107, \u017ce realizowany projekt przyniesie oczekiwane korzy\u015bci zar\u00f3wno dla u\u017cytkownika, jak i \u015brodowiska:<\/p>\n<p><strong>1. Audyt energetyczny:<\/strong> Jest to pierwszy i podstawowy krok, kt\u00f3ry pozwala zidentyfikowa\u0107 najbardziej efektywne sposoby poprawy efektywno\u015bci energetycznej danego budynku. Audyt pomaga w okre\u015bleniu, kt\u00f3re dzia\u0142ania termomodernizacyjne przynios\u0105 najwi\u0119ksze oszcz\u0119dno\u015bci energetyczne i redukcj\u0119 emisji CO2.<\/p>\n<p><strong>2. Dok\u0142adna analiza finansowa:<\/strong> Przygotowujemy szczeg\u00f3\u0142ow\u0105 kalkulacj\u0119 koszt\u00f3w i potencjalnych oszcz\u0119dno\u015bci zwi\u0105zanych z planowanymi inwestycjami. W ten spos\u00f3b mo\u017cemy zaproponowa\u0107 rozwi\u0105zania, kt\u00f3re nie tylko kwalifikuj\u0105 si\u0119 do dofinansowania, ale s\u0105 r\u00f3wnie\u017c finansowo op\u0142acalne dla klienta.<\/p>\n<p><strong>3. Wyb\u00f3r ekologicznych technologii:<\/strong> Promujemy i rekomendujemy rozwi\u0105zania, kt\u00f3re nie tylko poprawiaj\u0105 efektywno\u015b\u0107 energetyczn\u0105, ale s\u0105 r\u00f3wnie\u017c przyjazne dla \u015brodowiska. W tym kontek\u015bcie skupiamy si\u0119 na technologiach odnawialnych \u017ar\u00f3de\u0142 energii oraz systemach ogrzewania o niskiej emisyjno\u015bci.<\/p>\n<p><strong>4. Zgodno\u015b\u0107 z wymogami programu:<\/strong> Zapewniamy, \u017ce ca\u0142a dokumentacja, w tym projekt modernizacji, spe\u0142nia wszystkie wymogi programu &#8222;Czyste Powietrze&#8221;. To kluczowe dla pozytywnej oceny wniosku i przyznania dofinansowania.<\/p>\n<p><strong>5. Wsparcie na ka\u017cdym etapie:<\/strong> Oferujemy pe\u0142ne wsparcie w procesie aplikacyjnym \u2013 od przygotowania wniosku, przez realizacj\u0119 projektu, a\u017c po rozliczenie dofinansowania. Naszym celem jest usprawnienie ca\u0142ego procesu i odci\u0105\u017cenie klienta od formalno\u015bci, co jest szczeg\u00f3lnie wa\u017cne w przypadku skomplikowanych wymaga\u0144 programowych.<\/p>\n<p>Podsumowuj\u0105c, przygotowanie wniosku w ramach programu &#8222;Czyste Powietrze&#8221; wymaga nie tylko dok\u0142adnej wiedzy na temat dost\u0119pnych technologii i rozwi\u0105za\u0144 termomodernizacyjnych, ale r\u00f3wnie\u017c umiej\u0119tno\u015bci nawigowania po wymaganiach formalnych programu. Nasze do\u015bwiadczenie i profesjonalizm w tym zakresie gwarantuj\u0105, \u017ce ka\u017cdy projekt zostanie zrealizowany efektywnie, z maksymalnym wykorzystaniem dost\u0119pnych \u015brodk\u00f3w finansowych, przyczyniaj\u0105c si\u0119 do poprawy jako\u015bci powietrza i zwi\u0119kszenia komfortu \u017cycia w modernizowanych\u00a0domach.<\/p>\n","protected":false},"excerpt":{"rendered":"<p>Czym jest program &#8222;Czyste powietrze&#8221;? Program &#8222;Czyste Powietrze&#8221; to inicjatywa skierowana do w\u0142a\u015bcicieli dom\u00f3w jednorodzinnych, kt\u00f3rej g\u0142\u00f3wnym celem jest poprawa jako\u015bci powietrza poprzez wsparcie finansowe na projekty zwi\u0105zane z termomodernizacj\u0105 i wymian\u0105 \u017ar\u00f3de\u0142 ogrzewania na bardziej ekologiczne. Dofinansowanie obejmuje szeroki zakres dzia\u0142a\u0144, takich jak instalacja system\u00f3w fotowoltaicznych, wymiana okien i drzwi na energooszcz\u0119dne modele, docieplenie &hellip; <\/p>\n<p class=\"link-more\"><a href=\"https:\/\/zrobremont.pl\/index.php\/dotacje\/\" class=\"more-link\">Czytaj dalej<span class=\"screen-reader-text\"> \u201eDofinansowanie &#8222;Czyste powietrze&#8221;\u201d<\/span><\/a><\/p>\n","protected":false},"author":1,"featured_media":0,"parent":0,"menu_order":0,"comment_status":"closed","ping_status":"closed","template":"","meta":{"footnotes":""},"class_list":["post-22","page","type-page","status-publish","hentry"],"_links":{"self":[{"href":"https:\/\/zrobremont.pl\/index.php\/wp-json\/wp\/v2\/pages\/22","targetHints":{"allow":["GET"]}}],"collection":[{"href":"https:\/\/zrobremont.pl\/index.php\/wp-json\/wp\/v2\/pages"}],"about":[{"href":"https:\/\/zrobremont.pl\/index.php\/wp-json\/wp\/v2\/types\/page"}],"author":[{"embeddable":true,"href":"https:\/\/zrobremont.pl\/index.php\/wp-json\/wp\/v2\/users\/1"}],"replies":[{"embeddable":true,"href":"https:\/\/zrobremont.pl\/index.php\/wp-json\/wp\/v2\/comments?post=22"}],"version-history":[{"count":4,"href":"https:\/\/zrobremont.pl\/index.php\/wp-json\/wp\/v2\/pages\/22\/revisions"}],"predecessor-version":[{"id":123,"href":"https:\/\/zrobremont.pl\/index.php\/wp-json\/wp\/v2\/pages\/22\/revisions\/123"}],"wp:attachment":[{"href":"https:\/\/zrobremont.pl\/index.php\/wp-json\/wp\/v2\/media?parent=22"}],"curies":[{"name":"wp","href":"https:\/\/api.w.org\/{rel}","templated":true}]}}